
-3
Evaluate -3 + (-1 - -1) + 26 + -18.
5
8 - ((2 - 0) + 1)
5
Calculate 3 + 0 - 6 - -1 - -7.
5
Calculate 6 - (-5 - (1 + 5 + -17)).
0
What is the value of -3 + 2 - (-8 + 5)?
2
Calculate 2 - (3 - (-3 - 1)).
-5
-1 + (0 - 2) - 2
-5
(1 - 4) + 3 + 1 + 0
1
Calculate 8 + (-4 - (0 + 6)).
-2
6 + (4 - 7) - 1 - 6
-4
Evaluate -2 - (-8 - -1 - -4).
1
3 - (-2 + 3 + -1 + 0)
3
What is (-4 - -1) + (-6 - -10)?
1
Evaluate 38 - 35 - (-1 - -9).
-5
-10 + 7 - -6 - (0 + 1)
2
What is the value of -6 + (3 - (-3 + 3)) - -1?
-2
Evaluate 3 + -11 + 4 - -3.
-1
-233 + 219 - (1 + -5)
-10
Calculate -4 + -4 + 8 - -3 - -1.
4
What is (3 - 2) + -2 - -14 - 4?
9
What is 5 + -4 + 1 - 7?
-5
What is the value of -6 + 5 - (-1 - -2)?
-2
(5 - (-5 + 0 - -2)) + -3
5
-1 + -3 + 3 - 3
-4
Evaluate (4 - 3 - -1) + -5 + -3.
-6
What is -3 + 5 + 2 + (-2 - 7)?
-5
Evaluate 3 + -1 - (-1 + 6).
-3
Evaluate 3 + -2 + -8 - (-50 - -44).
-1
What is (1 - 1) + -2 + (-10 - -5)?
-7
What is -4 + (-1 - (-4 - -4))?
-5
What is the value of (-4 - (-8 - -7)) + (0 - -1)?
-2
What is -6 - (-20 + 13 + (4 - 1))?
-2
What is (6 - (1 + 1)) + -25 + 28?
7
Calculate 1 + -5 + 10 + -12.
-6
What is the value of -4 - (-5 - (11 - 6 - 15))?
-9
3 + ((0 - 0) + 4 - -2)
9
What is the value of 2 - (-4 + 0 + 8)?
-2
Evaluate (1 - 1) + -24 + 4 + 15.
-5
What is the value of -7 + 9 + -6 - 0?
-4
Evaluate 5 - 3 - -1 - -1.
4
Evaluate 10 - (6 - (-7 + 5)).
2
9 - ((-2 - 0) + 6) - 1
4
Evaluate 5 - ((4 - 2) + (-3 - -6)).
0
What is the value of (2 + 1 - (10 - 9)) + -3?
-1
What is -1 - (2 + 0 + 6) - -5?
-4
What is the value of (0 - 8) + (11 - (0 + 8))?
-5
What is -2 - (1 + (4 - (7 - -2)))?
2
What is 2 + (-1 - -4) + -1?
4
What is -2 - ((-1 - 3) + 1)?
1
What is 5 + 1 + -5 + 13 + -12?
2
What is the value of -10 - -21 - -1 - 5?
7
Calculate -58 + 61 - (-1 + 0).
4
Calculate (-1 - -3) + 2 + -2.
2
(-12 - -17 - 10) + 10
5
What is -5 + 1 - (-1 - -2)?
-5
Evaluate 1 + 3 + 1 + (-3 - 6).
-4
Evaluate 8 + -2 + 1 + -1 + -2.
4
Calculate -8 - -4 - (-9 + 6 - 1).
0
Calculate 1 - 0 - -1 - 5 - -8.
5
(-1 + -1 - -7 - 0) + -3
2
-5 + -9 + 4 + 12
2
2 - (1 + 2 + -2)
1
Evaluate 4 - 1 - (2 + (-3 - 0)).
4
Calculate -9 - (-10 + 5 + -1).
-3
What is 4 - 8 - (-4 - -3 - 0)?
-3
3 - (5 + 1 + 2)
-5
What is (-1 + -3 - (1 + -4)) + 5?
4
Calculate -1 + 6 - (-4 - -9).
0
Evaluate 5 + -2 + 2 + -7.
-2
2 + (-3 - (8 - 15))
6
What is -5 - (6 + (3 - 10))?
-4
What is the value of 3 + (-2 - (1 - 5)) + -3?
2
-1 + (-7 - (-7 + 2) - 5)
-8
What is the value of 10 + 9 + -14 + -3?
2
Evaluate (-2 - 0 - (-4 - -2)) + 5.
5
What is the value of 0 + -1 + -5 - (106 - 108)?
-4
What is -35 + 27 + (8 - (1 + 2))?
-3
What is the value of 6 + -2 + (0 - 9)?
-5
What is 2 - (-8 + 1) - 2?
7
-5 - (-3 - -5) - -5
-2
-2 - ((-3 - (-1 - 2)) + 2)
-4
Evaluate 3 - ((21 + -8 - 7) + -3).
0
What is the value of -6 + (-1 - -4 - 4 - -4)?
-3
Calculate -16 + 22 + -13 + 3.
-4
Calculate 0 + (2 + -3 - -2) - 1.
0
What is the value of (1 - 3) + 9 + -4?
3
What is the value of 7 - ((8 - -1) + -7)?
5
Evaluate -2 - 0 - (0 - (-4 + 3)).
-3
What is the value of 3 - (4 + (-3 - 0) - -2)?
0
What is the value of -1 + 2 + -2 + 0 + -2?
-3
What is the value of 2 - ((-7 - -6) + 7)?
-4
10 - (0 - 5 - -17)
-2
0 + (-6 + (-2 - 0) - -5)
-3
4 - (2 - 0) - (71 + -75)
6
What is (-4 + 3 + -5 - -3) + 2?
-1
What is 4 + (-2 - (3 - 2) - 0)?
1
Evaluate -1 + (4 - 1) + 4 + -1.
5
What is 3 - ((-3 - 2) + 10)?
-2
What is -7 - (-5 - -7) - -11?
2
What is -1 + -2 + 6 + -3?
0
2 + -6 + 3 + -7 + 9
1
Evaluate (-4 - 0) + (3 - 0) - 2.
-3
What is the value of 9 - (-23 - -15 - (-19 + 3))?
1
Evaluate 0 - (-1 + -3 - -6).
-2
(2 - (-1 - -1)) + 2
4
What is (-11 - -14) + -2 + -1?
0
Calculate 1 + -4 + (11 - 12) + 1.
-3
Evaluate 1 + (12 - (0 + 6) - 7).
0
What is -2 + 1 - (5 - (1 + 5))?
0
What is 2 + 1 - (52 - 43)?
-6
Calculate -7 + 1 - (6 - 5 - 4).
-3
Evaluate (-8 - -4 - (-3 + 4)) + 2.
-3
Evaluate -2 + -4 - (0 - 7).
1
-11 + (20 - 7) - 8
-6
Calculate -2 + 4 + -11 + 4.
-5
Calculate -5 + 0 - (-69 - -62).
2
Calculate -14 + 20 + -6 + -1.
-1
Evaluate -3 - (-2 - (7 + (-4 - 0))).
2
What is (1 - 0) + -11 - -10?
0
Calculate -1 - (3 - (-4 - -4)).
-4
-2 + (4 - 0) + 0 + -1
1
Evaluate 2 - (0 - (3 - 4)).
1
What is -14 - -7 - (0 - 4)?
-3
What is the value of 17 + -1 - (103 - 94)?
7
What is the value of 5 + (1 - 1) + (-32 - -29)?
2
Evaluate -2 + -5 + 6 + 1 + -1.
-1
What is the value of 6 + -4 + -4 + 3 - -4?
5
(-5 - -4) + (-5 - -4)
-2
What is 4 + 5 + -3 - 4?
2
What is the value of 2 + 0 - -1 - 6?
-3
What is (1 - (-6 + 4)) + -3?
0
What is (-6 - (1 + -10)) + 2?
5
Evaluate 30 + -37 - (-9 + 1).
1
3 + -3 + 1 + 0 - -1
2
What is the value of -2 + -1 + (-2 - -1) - 1?
-5
-3 + -1 + 0 + (-103 - -108)
1
What is 1 + 5 - (8 - -1 - 4)?
1
What is (5 - (-4 - -6)) + 1?
4
What is -1 + -17 + 12 + -2?
-8
Calculate (-4 - (-8 - (4 - 2))) + -16.
-10
What is (3 - -7 - 1) + 0?
9
Evaluate (-1 - 4) + (10 - 3).
2
Evaluate -2 - -7 - 2 - 1.
2
(-2 - (-10 - 3 - -2)) + -4
5
5 + -8 - ((3 - 0) + -7)
1
Calculate 5 + -2 - (1 - (2 - 5)).
-1
Calculate 6 + -6 - 6 - (-13 - -2).
5
What is the value of (-5 - 1) + 6 + -3 + -1?
-4
Calculate (8 - (6 + -3 - 1)) + -2.
4
Calculate (-2 - (-1 + -3)) + 3.
5
Calculate -4 + -4 + 7 - 2 - 1.
-4
Calculate (-3 - (-3 - 7)) + -11.
-4
Calculate -3 - ((-4 - -4) + -6).
3
What is 0 + 1 + -7 + 8?
2
Calculate (7 - (0 - -2 - -2)) + -9.
-6
Evaluate -6 - (2 - 11) - 5.
-2
-7 + 13 + -1 + -3 - 8
-6
-1 + 2 + -5 + 3
-1
What is the value of 10 - (-3 - (-12 + (-4 - -8)))?
5
What is the value of 1 - ((-3 - 1) + (25 - 22))?
2
Evaluate 2 + (6 - 8) - -3.
3
Calculate (2 - 0) + -3 + -1 + 6.
4
What is 11 - ((7 - 7) + 4)?
7
(10 - 8) + (-5 - 4)
-7
What is the value of -13 + 3 - (-4 + 1)?
-7
What is 19 + 11 + -25 + 1 + -1?
5
What is -2 - -10 - (0 + 8 - 3)?
3
What is 8 + -2 + (-3 - -7)?
10
Evaluate (4 - (2 - -1)) + 0.
1
Evaluate (2 - 0) + 3 - 3.
2
Calculate 4 + (1 + -2 - 0) + 0.
3
What is 0 + (0 - 3) + -22 + 21?
-4
(-8 - 3) + 10 + -6
-7
Evaluate -2 - -6 - (3 - 2).
3
-3 + 0 + (4 - -1) + -5
-3
What is the value of 0 + (-8 - -2) + -8 + 10?
-4
Calculate -4 - -2 - (-6 - -8).
-4
What is the value of 17 + -20 + (0 - -1)?
-2
(-4 - -16 - 3) + -5
4
(-4 - -2) + 2 + -5 + 0
-5
Evaluate (-3 - 2) + 1 - (-14 + 14).
-4
Evaluate 21 - (4 - (-7 + -4)).
6
What is the value of -1 + 4 + (2 + -10 - -12)?
7
What is the value of (-2 - 0 - (4 - 5)) + 1?
0
What is -6 - (3 - (-2 - -6))?
-5
Calculate -1 - ((2 - 2) + -5).
4
What is (32 - 28) + (-9 - -1)?
-4
(-32 + 27 - -6) + (6 - 1)
6
What is the value of -3 + -2 + 0 - (0 - 3)?
-2
What is the value of -2 + (0 + -2 - -3)?
-1
(2 - 0) + (-6 - (0 + -6))
2
Evaluate -3 + 3 + 1 + -2.
-1
What is the value of 7 + -7 + 1 + -1?
0
What is the value of -4 - (1 - 4) - -3?
2
(7 - 2 - 6) + (1 - 2)
-2
Calculate 13 - (1 - (-9 - -5)) - 2.
6
What is the value of -6 - (3 + (-15 - -2))?
4
Evaluate 3 - 5 - (-1 + -6).
5
-4 - 0 - (-41 - -38)
-1
Evaluate -17 + 5 + 7 - -1.
-4
What is 5 + 4 + -2 - (-2 - -4)?
5
-1 + 5 - (-3 - -5)
2
What is 7 + (-11 - 2) - -7?
1
What is the value of (0 - -3) + -18 + 16?
1
Calculate 7 - (-6 - 2 - -13).
2
Calculate (-16 - -11) + (1 - -2).
-2
Evaluate -1 + (2 - (-2 - (-1 - -1))).
3
Evaluate 2 - (6 + -2 - (1 - -2)).
1
Evaluate 4 - (10 + (-9 + 4 - -1)).
-2
Evaluate -2 - -3 - (-16 + 12).
5
Evaluate 0 + 1 - (-249 + 260).
-10
-6 + (13 - (1 - -4))
2
Evaluate -2 + -2 - (-5 - (-3 + -3)).
-5
Calculate -1 + -1 + -1 + 19 + -12.
4
(3 - 0 - (-9 + 14)) + 1
-1
What is 25 + -27 + 0 + -1 + -1?
-4
What is 3 - 0 - (9 + -8)?
2
What is 0 + (2 - 1) - (8 - 2)?
-5
What is -6 + 1 + 7 + -2?
0
-23 - -21 - (2 + -12)
8
What is -5 - (2 - (0 - 0 - -8))?
1
Calculate 2 + -2 + 5 + (-2 - -2).
5
What is -3 + 4 + -1 + 4 + -1?
3
What is 4 + 0 + 3 + -5 - 3?
-1
What is the value of 3 - (7 + -9 - (3 + -3))?
5
2 - (-11 + -6 + 10)
9
What is the value of (16 - 4 - 2) + (-15 - -12)?
7
What is -1 + 5 - 8 - -5?
1
Evaluate 2 + (-3 - 0) + -1 - -3.
1
Calculate -5 - (-23 - -20 - (-4 + -2)).
-8
-8 + -2 + -3 + 11
-2
Calculate (-3 + 4 - 3) + 4.
2
Calculate -4 + (0 - -3 - 1).
-2
Calculate 8 - (-8 - (-25 + 7)).
-2
What is the value of 12 + -12 - (-2 - (0 - -1))?
3
-57 + 56 - (1 + 1 + 1)
-4
7 + -6 + -2 + 7
6
What is 201 + -200 - (1 + 8)?
-8
14 - -2 - (-4 + 14)
6
Calculate 2 - (-10 + 4 - -3).
5
What is (3 - -5 - 6) + 0?
2
What is -12 + (13 - 1) + -5 + 1?
-4
Evaluate 7 + -21 + 9 - 1.
-6
Calcula